{"id":246,"date":"2021-06-14T21:16:10","date_gmt":"2021-06-14T21:16:10","guid":{"rendered":"https:\/\/larson-demo.bslthemes.com\/?page_id=246"},"modified":"2026-02-04T13:52:27","modified_gmt":"2026-02-04T12:52:27","slug":"about","status":"publish","type":"page","link":"https:\/\/soutra.org\/index.php\/about\/","title":{"rendered":"About"},"content":{"rendered":"\t\t<div data-elementor-type=\"wp-page\" data-elementor-id=\"246\" class=\"elementor elementor-246\">\n\t\t\t\t\t\t<section class=\"elementor-section elementor-top-section elementor-element elementor-element-a41e2b2 elementor-section-full_width elementor-section-height-default elementor-section-height-default\" data-id=\"a41e2b2\" data-element_type=\"section\" data-e-type=\"section\">\n\t\t\t\t\t\t<div class=\"elementor-container elementor-column-gap-no\">\n\t\t\t\t\t<div class=\"elementor-column elementor-col-100 elementor-top-column elementor-element elementor-element-97c067e\" data-id=\"97c067e\" data-element_type=\"column\" data-e-type=\"column\">\n\t\t\t<div class=\"elementor-widget-wrap elementor-element-populated\">\n\t\t\t\t\t\t\t<\/div>\n\t\t<\/div>\n\t\t\t\t\t<\/div>\n\t\t<\/section>\n\t\t\t\t<section class=\"elementor-section elementor-top-section elementor-element elementor-element-4c57874 elementor-section-full_width elementor-section-height-default elementor-section-height-default\" data-id=\"4c57874\" data-element_type=\"section\" data-e-type=\"section\">\n\t\t\t\t\t\t<div class=\"elementor-container elementor-column-gap-no\">\n\t\t\t\t\t<div class=\"elementor-column elementor-col-100 elementor-top-column elementor-element elementor-element-362f2fe\" data-id=\"362f2fe\" data-element_type=\"column\" data-e-type=\"column\">\n\t\t\t<div class=\"elementor-widget-wrap elementor-element-populated\">\n\t\t\t\t\t\t<div class=\"elementor-element elementor-element-fae3345 e-transform elementor-widget elementor-widget-larson-about-description\" data-id=\"fae3345\" data-element_type=\"widget\" data-e-type=\"widget\" data-settings=\"{&quot;_transform_translateX_effect&quot;:{&quot;unit&quot;:&quot;px&quot;,&quot;size&quot;:230,&quot;sizes&quot;:[]},&quot;_transform_translateX_effect_tablet&quot;:{&quot;unit&quot;:&quot;px&quot;,&quot;size&quot;:&quot;&quot;,&quot;sizes&quot;:[]},&quot;_transform_translateX_effect_mobile&quot;:{&quot;unit&quot;:&quot;px&quot;,&quot;size&quot;:&quot;&quot;,&quot;sizes&quot;:[]},&quot;_transform_translateY_effect&quot;:{&quot;unit&quot;:&quot;px&quot;,&quot;size&quot;:&quot;&quot;,&quot;sizes&quot;:[]},&quot;_transform_translateY_effect_tablet&quot;:{&quot;unit&quot;:&quot;px&quot;,&quot;size&quot;:&quot;&quot;,&quot;sizes&quot;:[]},&quot;_transform_translateY_effect_mobile&quot;:{&quot;unit&quot;:&quot;px&quot;,&quot;size&quot;:&quot;&quot;,&quot;sizes&quot;:[]}}\" data-widget_type=\"larson-about-description.default\">\n\t\t\t\t<div class=\"elementor-widget-container\">\n\t\t\t\t\t\n\t\t<section class=\"webpage__about-block about-block about-block--columns\">\n          <div class=\"about-block__inner container\" data-number=\"01.\">\n                        <header class=\"about-block__header\" data-aos=\"fade\">\n              <h2 class=\"about-block__heading heading\">\n              \t<span >\n\t\t\t\t\tA PROPOS DES PANNEAUX SOUTRA\t\t\t\t<\/span>\n              <\/h2>\n            <\/header>\n                                    <div class=\"about-block__main\">\n                            <div class=\"about-block__text\" data-aos=\"fade\">\n                <div >\n\t\t\t\t\t<p>Les panneaux de construction SOUTRA sont des panneaux en<br \/>b\u00e9ton arme\u0301 pr\u00e9fabriqu\u00e9 au S\u00e9n\u00e9gal. L\u2019utilisation de ces panneaux participe ainsi a\u0300 l\u2019\u00e9mergence du pays en appuyant la production<br \/>locale et la cr\u00e9ation d\u2019emploi pour les jeunes.<\/p>\t\t\t\t<\/div>\n              <\/div>\n                                          <blockquote class=\"about-block__quote\" data-aos=\"fade\">\n              \t<span >\n\t\t\t\t\tDe nombreuses \u00e9tudes ont \u00e9t\u00e9 faites\npour garantir la qualit\u00e9 du panneau\nSOUTRA qui est 2,5 fois plus\nr\u00e9sistant que la construction\nclassique. \nLa plupart des habitations\npr\u00e9fabriqu\u00e9es sont construites\ng\u00e9n\u00e9ralement en bois et en m\u00e9tal.\nPourtant, les logements en b\u00e9ton\npr\u00e9fabrique\u0301 gagnent du terrain au\nS\u00e9n\u00e9gal ainsi qu\u2019en Afrique de\nl\u2019ouest .\t\t\t\t<\/span>\n\t\t\t\t<span class=\"sep\"><svg viewBox='0 0 83 62' fill='none' xmlns='http:\/\/www.w3.org\/2000\/svg'><path d='M18.6.2c6.267 0 11 2.267 14.2 6.8 3.333 4.4 5 9.667 5 15.8 0 8.267-2.467 15.933-7.4 23-4.8 7.067-10.867 12.333-18.2 15.8L.4 52.2c5.333-2.133 10-5.067 14-8.8 4-3.867 6.733-7.867 8.2-12l-1-.6c-.667.533-1.467.933-2.4 1.2-.933.267-2.267.4-4 .4-3.067 0-6.2-1.2-9.4-3.6-3.067-2.533-4.6-6.333-4.6-11.4 0-5.333 1.733-9.533 5.2-12.6S13.933.2 18.6.2zm44.8 0c6.267 0 11 2.267 14.2 6.8 3.333 4.4 5 9.667 5 15.8 0 8.267-2.467 15.933-7.4 23-4.8 7.067-10.867 12.333-18.2 15.8l-11.8-9.4c5.333-2.133 10-5.067 14-8.8 4-3.867 6.733-7.867 8.2-12l-1-.6c-.667.533-1.467.933-2.4 1.2-.933.267-2.267.4-4 .4-3.067 0-6.2-1.2-9.4-3.6-3.067-2.533-4.6-6.333-4.6-11.4 0-5.333 1.733-9.533 5.2-12.6S58.733.2 63.4.2z' fill='#ffb74d'\/><\/svg><\/span>\n              <\/blockquote>\n                          <\/div>\n                      <\/div>\n        <\/section>\n\n\t\t\t\t\t\t<\/div>\n\t\t\t\t<\/div>\n\t\t\t\t\t<\/div>\n\t\t<\/div>\n\t\t\t\t\t<\/div>\n\t\t<\/section>\n\t\t\t\t<section class=\"elementor-section elementor-top-section elementor-element elementor-element-a7abd63 elementor-section-boxed elementor-section-height-default elementor-section-height-default\" data-id=\"a7abd63\" data-element_type=\"section\" data-e-type=\"section\" data-settings=\"{&quot;background_background&quot;:&quot;classic&quot;}\">\n\t\t\t\t\t\t<div class=\"elementor-container elementor-column-gap-default\">\n\t\t\t\t\t<div class=\"elementor-column elementor-col-100 elementor-top-column elementor-element elementor-element-562d4c3\" data-id=\"562d4c3\" data-element_type=\"column\" data-e-type=\"column\">\n\t\t\t<div class=\"elementor-widget-wrap elementor-element-populated\">\n\t\t\t\t\t\t<section class=\"elementor-section elementor-inner-section elementor-element elementor-element-2b01400 elementor-section-boxed elementor-section-height-default elementor-section-height-default\" data-id=\"2b01400\" data-element_type=\"section\" data-e-type=\"section\">\n\t\t\t\t\t\t<div class=\"elementor-container elementor-column-gap-default\">\n\t\t\t\t\t<div class=\"elementor-column elementor-col-50 elementor-inner-column elementor-element elementor-element-d0ee1a0\" data-id=\"d0ee1a0\" data-element_type=\"column\" data-e-type=\"column\">\n\t\t\t<div class=\"elementor-widget-wrap elementor-element-populated\">\n\t\t\t\t\t\t<div class=\"elementor-element elementor-element-5918b48 elementor-widget elementor-widget-heading\" data-id=\"5918b48\" data-element_type=\"widget\" data-e-type=\"widget\" data-widget_type=\"heading.default\">\n\t\t\t\t<div class=\"elementor-widget-container\">\n\t\t\t\t\t<h2 class=\"elementor-heading-title elementor-size-default\">Nos differents type de panneaux <\/h2>\t\t\t\t<\/div>\n\t\t\t\t<\/div>\n\t\t\t\t\t<\/div>\n\t\t<\/div>\n\t\t\t\t<div class=\"elementor-column elementor-col-50 elementor-inner-column elementor-element elementor-element-a8b8f62\" data-id=\"a8b8f62\" data-element_type=\"column\" data-e-type=\"column\">\n\t\t\t<div class=\"elementor-widget-wrap\">\n\t\t\t\t\t\t\t<\/div>\n\t\t<\/div>\n\t\t\t\t\t<\/div>\n\t\t<\/section>\n\t\t\t\t\t<\/div>\n\t\t<\/div>\n\t\t\t\t\t<\/div>\n\t\t<\/section>\n\t\t\t\t<section class=\"elementor-section elementor-top-section elementor-element elementor-element-ef555e0 elementor-section-full_width elementor-section-height-default elementor-section-height-default\" data-id=\"ef555e0\" data-element_type=\"section\" data-e-type=\"section\">\n\t\t\t\t\t\t<div class=\"elementor-container elementor-column-gap-no\">\n\t\t\t\t\t<div class=\"elementor-column elementor-col-100 elementor-top-column elementor-element elementor-element-1486823\" data-id=\"1486823\" data-element_type=\"column\" data-e-type=\"column\">\n\t\t\t<div class=\"elementor-widget-wrap elementor-element-populated\">\n\t\t\t\t\t\t\t<\/div>\n\t\t<\/div>\n\t\t\t\t\t<\/div>\n\t\t<\/section>\n\t\t\t\t<section class=\"elementor-section elementor-top-section elementor-element elementor-element-3c90a22 elementor-section-full_width elementor-section-height-default elementor-section-height-default\" data-id=\"3c90a22\" data-element_type=\"section\" data-e-type=\"section\">\n\t\t\t\t\t\t<div class=\"elementor-container elementor-column-gap-no\">\n\t\t\t\t\t<div class=\"elementor-column elementor-col-100 elementor-top-column elementor-element elementor-element-5d88ac9\" data-id=\"5d88ac9\" data-element_type=\"column\" data-e-type=\"column\">\n\t\t\t<div class=\"elementor-widget-wrap elementor-element-populated\">\n\t\t\t\t\t\t<div class=\"elementor-element elementor-element-da31f2b e-transform elementor-widget elementor-widget-larson-services-grid\" data-id=\"da31f2b\" data-element_type=\"widget\" data-e-type=\"widget\" data-settings=\"{&quot;_transform_translateX_effect&quot;:{&quot;unit&quot;:&quot;px&quot;,&quot;size&quot;:230,&quot;sizes&quot;:[]},&quot;_transform_translateX_effect_tablet&quot;:{&quot;unit&quot;:&quot;px&quot;,&quot;size&quot;:&quot;&quot;,&quot;sizes&quot;:[]},&quot;_transform_translateX_effect_mobile&quot;:{&quot;unit&quot;:&quot;px&quot;,&quot;size&quot;:&quot;&quot;,&quot;sizes&quot;:[]},&quot;_transform_translateY_effect&quot;:{&quot;unit&quot;:&quot;px&quot;,&quot;size&quot;:&quot;&quot;,&quot;sizes&quot;:[]},&quot;_transform_translateY_effect_tablet&quot;:{&quot;unit&quot;:&quot;px&quot;,&quot;size&quot;:&quot;&quot;,&quot;sizes&quot;:[]},&quot;_transform_translateY_effect_mobile&quot;:{&quot;unit&quot;:&quot;px&quot;,&quot;size&quot;:&quot;&quot;,&quot;sizes&quot;:[]}}\" data-widget_type=\"larson-services-grid.default\">\n\t\t\t\t<div class=\"elementor-widget-container\">\n\t\t\t\t\t\n\t\t<section class=\"webpage__services services-block\">\n\t        <div class=\"about-block__inner container\" data-number=\"03\">\n\t          \t          <header class=\"services-block__header\" data-aos=\"fade\">\n\t            <div class=\"about-block__heading heading\">\n\t            \t<span >\n\t\t\t\t\t\tAVANTAGES DU\nPANNEAU SOUTRA\t\t\t\t\t<\/span>\n\t            <\/div>\n\t          <\/header>\n\t          \t          <div class=\"services-provided\">\n\t          \t\t            <div class=\"row\">\n\t              \t              <div class=\"services-provided__column col-12 col-md\" data-aos=\"fade\" data-aos-delay=\"0\">\n\t                \t                <div class=\"services-provided__icon\">\n\t                  <i aria-hidden=\"true\" class=\"fas fa-building\"><\/i>\t                <\/div>\n\t                \t                \t                <div class=\"services-provided__column-heading\">\n\t                \t<span >\n\t\t\t\t\t\t\tACCOUSTIQUE\t\t\t\t\t\t<\/span>\n\t                <\/div>\n\t                \t                \t                <div class=\"services-provided__column-text\">\n\t                \t<div >\n\t\t\t\t\t\t\t<p>UNE MEILLEURE R\u00c9SISTANCE<br \/>DES PERFORMANCES ACOUSTIQUES, EN PARTICULIER EN MATI\u00c8RE D\u2019ABSORPTION PHONIQUE GR\u00c2CE AU B\u00c9TON ALL\u00c9G\u00c9 AUX BILLES DE POLYSTYR\u00c8NES.<\/p>\t\t\t\t\t\t<\/div>\n\t                <\/div>\n\t                \t                \t              <\/div>\n\t              \t              <div class=\"services-provided__column col-12 col-md\" data-aos=\"fade\" data-aos-delay=\"200\">\n\t                \t                <div class=\"services-provided__icon\">\n\t                  <i aria-hidden=\"true\" class=\"fas fa-city\"><\/i>\t                <\/div>\n\t                \t                \t                <div class=\"services-provided__column-heading\">\n\t                \t<span >\n\t\t\t\t\t\t\tRESISTANCE\t\t\t\t\t\t<\/span>\n\t                <\/div>\n\t                \t                \t                <div class=\"services-provided__column-text\">\n\t                \t<div >\n\t\t\t\t\t\t\t<p>UNE MEILLEURE R\u00c9SISTANCE AU FEU : GR\u00c2CE A\u0300 LEUR FAIBLE CONDUCTIVIT\u00c9\u00a0 THERMIQUE ET A\u0300 LEUR COEFFICIENT DE DILATATION THERMIQUE L\u00c9G\u00c8REMENT R\u00c9DUIT.<\/p>\t\t\t\t\t\t<\/div>\n\t                <\/div>\n\t                \t                \t              <\/div>\n\t              \t              <div class=\"services-provided__column col-12 col-md\" data-aos=\"fade\" data-aos-delay=\"400\">\n\t                \t                <div class=\"services-provided__icon\">\n\t                  <i aria-hidden=\"true\" class=\"fas fa-paint-roller\"><\/i>\t                <\/div>\n\t                \t                \t                <div class=\"services-provided__column-heading\">\n\t                \t<span >\n\t\t\t\t\t\t\tRAPIDITE\t\t\t\t\t\t<\/span>\n\t                <\/div>\n\t                \t                \t                <div class=\"services-provided__column-text\">\n\t                \t<div >\n\t\t\t\t\t\t\t<p>UNE GRANDE FACILITE\u0301 DE MISEEN OEUVRE, DE TRAVAIL ET DE RAPIDIT\u00c9 D\u2019ASSEMBLAGE APR\u00c8S LEUR\u00a0 FABRICATION<\/p>\t\t\t\t\t\t<\/div>\n\t                <\/div>\n\t                \t                \t              <\/div>\n\t              \t            <\/div>\n\t            \t          <\/div>\n\t        <\/div>\n\t    <\/section>\n\n\t\t\t\t\t\t<\/div>\n\t\t\t\t<\/div>\n\t\t\t\t\t<\/div>\n\t\t<\/div>\n\t\t\t\t\t<\/div>\n\t\t<\/section>\n\t\t\t\t<\/div>\n\t\t","protected":false},"excerpt":{"rendered":"<p>A PROPOS DES PANNEAUX SOUTRA Les panneaux de construction SOUTRA sont des panneaux enb\u00e9ton arme\u0301 pr\u00e9fabriqu\u00e9 au S\u00e9n\u00e9gal. L\u2019utilisation de ces panneaux participe ainsi a\u0300 l\u2019\u00e9mergence du pays en appuyant la productionlocale et la cr\u00e9ation d\u2019emploi pour les jeunes. De nombreuses \u00e9tudes ont \u00e9t\u00e9 faites pour garantir la qualit\u00e9 du&#8230; <\/p>\n<div class=\"readmore\"><a href=\"https:\/\/soutra.org\/index.php\/about\/\" class=\"btn-link\">Read more<\/a><\/div>\n","protected":false},"author":1,"featured_media":0,"parent":0,"menu_order":0,"comment_status":"closed","ping_status":"closed","template":"template-elementor-default.php","meta":{"_acf_changed":false,"footnotes":""},"class_list":["post-246","page","type-page","status-publish","hentry"],"acf":[],"_links":{"self":[{"href":"https:\/\/soutra.org\/index.php\/wp-json\/wp\/v2\/pages\/246","targetHints":{"allow":["GET"]}}],"collection":[{"href":"https:\/\/soutra.org\/index.php\/wp-json\/wp\/v2\/pages"}],"about":[{"href":"https:\/\/soutra.org\/index.php\/wp-json\/wp\/v2\/types\/page"}],"author":[{"embeddable":true,"href":"https:\/\/soutra.org\/index.php\/wp-json\/wp\/v2\/users\/1"}],"replies":[{"embeddable":true,"href":"https:\/\/soutra.org\/index.php\/wp-json\/wp\/v2\/comments?post=246"}],"version-history":[{"count":86,"href":"https:\/\/soutra.org\/index.php\/wp-json\/wp\/v2\/pages\/246\/revisions"}],"predecessor-version":[{"id":76104,"href":"https:\/\/soutra.org\/index.php\/wp-json\/wp\/v2\/pages\/246\/revisions\/76104"}],"wp:attachment":[{"href":"https:\/\/soutra.org\/index.php\/wp-json\/wp\/v2\/media?parent=246"}],"curies":[{"name":"wp","href":"https:\/\/api.w.org\/{rel}","templated":true}]}}